{"id":18128,"date":"2024-12-18T09:48:38","date_gmt":"2024-12-18T12:48:38","guid":{"rendered":"http:\/\/atsalaplata.org.ar\/web\/?page_id=18128"},"modified":"2024-12-19T13:33:54","modified_gmt":"2024-12-19T16:33:54","slug":"descuentos-paseo-comercial-calle-12","status":"publish","type":"page","link":"http:\/\/atsalaplata.org.ar\/web\/descuentos-paseo-comercial-calle-12\/","title":{"rendered":"Descuentos Paseo Comercial Calle 12"},"content":{"rendered":"\n<figure class=\"wp-block-table is-style-regular has-small-font-size\"><table class=\"has-black-color has-white-background-color has-text-color has-background has-link-color\"><thead><tr><th>Comercio<\/th><th>Efectivo<\/th><th>Transferencia<\/th><th class=\"has-text-align-center\" data-align=\"center\">Cr\u00e9dito<\/th><th>Direcci\u00f3n<\/th><th>Rubro<\/th><\/tr><\/thead><tbody><tr><td>Alma M\u00eda<\/td><td>15%<\/td><td>15%<\/td><td class=\"has-text-align-center\" data-align=\"center\"><\/td><td>59 N\u00ba 868 e\/ 12 y 13<\/td><td>Indumentaria talles reales<\/td><\/tr><tr><td>Anrie<\/td><td>10%<\/td><td><\/td><td class=\"has-text-align-center\" data-align=\"center\"><\/td><td>12 N\u00ba 1179<\/td><td>Lencer\u00eda<\/td><\/tr><tr><td>Antonio Novoa e hijos<\/td><td>10%<\/td><td><\/td><td class=\"has-text-align-center\" data-align=\"center\"><\/td><td>61 N\u00ba 802 esq. 11<\/td><td>Muebler\u00eda<\/td><\/tr><tr><td>Atenas<\/td><td>10%<\/td><td>10%<\/td><td class=\"has-text-align-center\" data-align=\"center\"><\/td><td>12 esq. 61<\/td><td>Muebler\u00eda<\/td><\/tr><tr><td>Bitar<\/td><td>10%<\/td><td>10%<\/td><td class=\"has-text-align-center\" data-align=\"center\"><\/td><td>12 N\u00ba 1337 e\/ 59 y 60<\/td><td>Indumentaria masculina<\/td><\/tr><tr><td>Black Horse<\/td><td>20%<\/td><td>10%<\/td><td class=\"has-text-align-center\" data-align=\"center\"><\/td><td>12 N\u00ba 1378 e\/ 60 y 61<\/td><td>Indumentaria masculina<\/td><\/tr><tr><td>Careva<\/td><td>15%<\/td><td>5%<\/td><td class=\"has-text-align-center\" data-align=\"center\"><\/td><td>12 e\/ 59 y 60<\/td><td>Zapater\u00eda<\/td><\/tr><tr><td>Celeph<\/td><td>15%<\/td><td><\/td><td class=\"has-text-align-center\" data-align=\"center\"><\/td><td>12 N\u00ba 1366 e\/ 60 y 61<\/td><td>Celulares y accesorios<\/td><\/tr><tr><td>Chuick Multimarca<\/td><td>15%<\/td><td>10%<\/td><td class=\"has-text-align-center\" data-align=\"center\"><\/td><td>12 N\u00ba 1362 e\/ 60 y 61<\/td><td>Valijas y carteras<\/td><\/tr><tr><td>Compu 12<\/td><td>10%<\/td><td><\/td><td class=\"has-text-align-center\" data-align=\"center\"><\/td><td>12 esq. 60<\/td><td>Computadoras y accesorios<\/td><\/tr><tr><td>Crema Patisserie<\/td><td>10%<\/td><td>10%<\/td><td class=\"has-text-align-center\" data-align=\"center\"><\/td><td>59 e\/ 12 y 13<\/td><td>Patisserie, bar, tortas<\/td><\/tr><tr><td>El Arka Bikes<\/td><td>15%<\/td><td>5%<\/td><td class=\"has-text-align-center\" data-align=\"center\"><\/td><td>12 N\u00ba 1443 e\/ 61 y 62<\/td><td>Bicicletas<\/td><\/tr><tr><td>El Arca del Beb\u00e9<\/td><td>15%<\/td><td>5%<\/td><td class=\"has-text-align-center\" data-align=\"center\"><\/td><td>12 esq. 62<\/td><td>Rodados, cunas, mochilas<\/td><\/tr><tr><td>El Arca del Juguete<\/td><td>15%<\/td><td>5%<\/td><td class=\"has-text-align-center\" data-align=\"center\"><\/td><td>12 N\u00ba 1437 e\/ 61 y 62<\/td><td>Jugueter\u00eda<\/td><\/tr><tr><td>Fortu Bar<\/td><td>5%<\/td><td><\/td><td class=\"has-text-align-center\" data-align=\"center\"><\/td><td>59 e\/ 12 y 13<\/td><td>Bar, restaurant<\/td><\/tr><tr><td>Free Style<\/td><td>15%<\/td><td>5%<\/td><td class=\"has-text-align-center\" data-align=\"center\"><\/td><td>12 e\/ 59 y 60<\/td><td>Ropa urbana<\/td><\/tr><tr><td>Gibre<\/td><td>15%<\/td><td>10%<\/td><td class=\"has-text-align-center\" data-align=\"center\"><\/td><td>11 esq. 60<\/td><td>Librer\u00eda y papeler\u00eda<\/td><\/tr><tr><td>Haiku<\/td><td>10%<\/td><td>10%<\/td><td class=\"has-text-align-center\" data-align=\"center\"><\/td><td>12 N\u00ba 1330 e\/ 59 y 60<\/td><td>Librer\u00eda<\/td><\/tr><tr><td>Himalaya<\/td><td>10%<\/td><td>10%<\/td><td class=\"has-text-align-center\" data-align=\"center\"><\/td><td>12 N\u00ba 1485 e\/ 62 y 63<\/td><td>Art\u00edculos de caza y camping<\/td><\/tr><tr><td>Karen Sports<\/td><td>10%<\/td><td><\/td><td class=\"has-text-align-center\" data-align=\"center\">6 cuotas sin inter\u00e9s<\/td><td>13 N\u00ba 1179<\/td><td>Indumentaria de hombre<\/td><\/tr><tr><td>La Blister\u00eda<\/td><td>30%<\/td><td>10%<\/td><td class=\"has-text-align-center\" data-align=\"center\"><\/td><td>12 N\u00ba 1386 e\/ 60 y 61<\/td><td>Accesorios para celulares<\/td><\/tr><tr><td>La Casona del Mueble<\/td><td>10%<\/td><td>10%<\/td><td class=\"has-text-align-center\" data-align=\"center\"><\/td><td>12 N\u00ba 1427<\/td><td>Muebler\u00eda<\/td><\/tr><tr><td>Murcia<\/td><td>15%<\/td><td>10%<\/td><td class=\"has-text-align-center\" data-align=\"center\"><\/td><td>12 N\u00ba 1330 e\/ 59 y 60<\/td><td>Bijouterie, regalos<\/td><\/tr><tr><td>Muro Joyas<\/td><td>20%<\/td><td>10%<\/td><td class=\"has-text-align-center\" data-align=\"center\"><\/td><td>13 N\u00ba 794<\/td><td>Joyer\u00eda y relojer\u00eda<\/td><\/tr><tr><td>Narrow<\/td><td>10%<\/td><td>10%<\/td><td class=\"has-text-align-center\" data-align=\"center\"><\/td><td>12 N\u00ba 1288 e\/ 58 y 59<\/td><td>Indumentaria masculina<\/td><\/tr><tr><td>Nueve Lunas<\/td><td>20%<\/td><td>10%<\/td><td class=\"has-text-align-center\" data-align=\"center\"><\/td><td>12 N\u00ba 1330 e\/ 59 y 60<\/td><td>Ropa para embarazadas, beb\u00e9s y ni\u00f1os<\/td><\/tr><tr><td>\u00d3xido<\/td><td>10%<\/td><td>10%<\/td><td class=\"has-text-align-center\" data-align=\"center\"><\/td><td>12 N\u00ba 1384 e\/ 60 y 61<\/td><td>Indumentaria<\/td><\/tr><tr><td>Pepa Bela<\/td><td>20%<\/td><td>10%<\/td><td class=\"has-text-align-center\" data-align=\"center\"><\/td><td>12 N\u00ba 1444 e\/ 61 y 62<\/td><td>Calzado femenino<\/td><\/tr><tr><td>Rufina<\/td><td>15%<\/td><td><\/td><td class=\"has-text-align-center\" data-align=\"center\"><\/td><td>12 N\u00ba 1330 e\/ 59 y 60<\/td><td>Indumentaria femenina<\/td><\/tr><tr><td>San Jos\u00e9<\/td><td>10%<\/td><td>10%<\/td><td class=\"has-text-align-center\" data-align=\"center\"><\/td><td>12 N\u00ba 1338 e\/ 59 y 60<\/td><td>Blanquer\u00eda<\/td><\/tr><tr><td>Tabaco<\/td><td>10%<\/td><td><\/td><td class=\"has-text-align-center\" data-align=\"center\"><\/td><td>12 e\/ 60 y 61<\/td><td>Tabaco, cigarrillos. pipas<\/td><\/tr><tr><td>Tissu<\/td><td>20%<\/td><td>20%<\/td><td class=\"has-text-align-center\" data-align=\"center\"><\/td><td>12 e\/ 62 y 63<\/td><td>Perfumer\u00eda y art\u00edculos de limpieza<\/td><\/tr><tr><td>\u00danica Joyas<\/td><td>30%<\/td><td>30%<\/td><td class=\"has-text-align-center\" data-align=\"center\"><\/td><td>12 N\u00ba 1380 e\/ 60 y 61<\/td><td>Joyer\u00eda<\/td><\/tr><tr><td>Veterinaria Orsini<\/td><td>10%<\/td><td><\/td><td class=\"has-text-align-center\" data-align=\"center\"><\/td><td>60 N\u00ba 802 esq. 11<\/td><td>Veterinaria<\/td><\/tr><\/tbody><\/table><\/figure>\n","protected":false},"excerpt":{"rendered":"<p>Comercio Efectivo Transferencia Cr\u00e9dito Direcci\u00f3n Rubro Alma M\u00eda 15% 15% 59 N\u00ba 868 e\/ 12&#8230;<\/p>\n","protected":false},"author":2,"featured_media":0,"parent":0,"menu_order":0,"comment_status":"closed","ping_status":"closed","template":"","meta":{"footnotes":""},"class_list":["post-18128","page","type-page","status-publish","hentry"],"_links":{"self":[{"href":"http:\/\/atsalaplata.org.ar\/web\/wp-json\/wp\/v2\/pages\/18128","targetHints":{"allow":["GET"]}}],"collection":[{"href":"http:\/\/atsalaplata.org.ar\/web\/wp-json\/wp\/v2\/pages"}],"about":[{"href":"http:\/\/atsalaplata.org.ar\/web\/wp-json\/wp\/v2\/types\/page"}],"author":[{"embeddable":true,"href":"http:\/\/atsalaplata.org.ar\/web\/wp-json\/wp\/v2\/users\/2"}],"replies":[{"embeddable":true,"href":"http:\/\/atsalaplata.org.ar\/web\/wp-json\/wp\/v2\/comments?post=18128"}],"version-history":[{"count":10,"href":"http:\/\/atsalaplata.org.ar\/web\/wp-json\/wp\/v2\/pages\/18128\/revisions"}],"predecessor-version":[{"id":18146,"href":"http:\/\/atsalaplata.org.ar\/web\/wp-json\/wp\/v2\/pages\/18128\/revisions\/18146"}],"wp:attachment":[{"href":"http:\/\/atsalaplata.org.ar\/web\/wp-json\/wp\/v2\/media?parent=18128"}],"curies":[{"name":"wp","href":"https:\/\/api.w.org\/{rel}","templated":true}]}}