{"id":14388,"date":"2023-06-22T11:30:24","date_gmt":"2023-06-22T14:30:24","guid":{"rendered":"http:\/\/atsalaplata.org.ar\/web\/?page_id=14388"},"modified":"2023-07-28T09:09:40","modified_gmt":"2023-07-28T12:09:40","slug":"autorizaciones","status":"publish","type":"page","link":"http:\/\/atsalaplata.org.ar\/web\/autorizaciones\/","title":{"rendered":"Autorizaciones"},"content":{"rendered":"\n<div style=\"height:30px\" aria-hidden=\"true\" class=\"wp-block-spacer\"><\/div>\n\n\n\n<p>Las autorizaciones son presenciales en La Plata, Ensenada, Azul, Tandil y Trenque Lauquen. En el resto de las delegaciones se realizan de forma online.<\/p>\n\n\n\n<p>Cualquier duda consultar por mail. Compartimos una peque\u00f1a gu\u00eda como referencia r\u00e1pida<\/p>\n\n\n\n<div class=\"wp-block-columns is-layout-flex wp-container-core-columns-is-layout-28f84493 wp-block-columns-is-layout-flex\">\n<div class=\"wp-block-column is-layout-flow wp-block-column-is-layout-flow\" style=\"flex-basis:50%\">\n<h2 class=\"wp-block-heading has-text-align-right has-pale-cyan-blue-color has-text-color\">AFILIADOS DE<br>NUESTRA FILIAL<\/h2>\n<\/div>\n\n\n\n<div class=\"wp-block-column is-layout-flow wp-block-column-is-layout-flow\" style=\"flex-basis:50%\">\n<h3 class=\"wp-block-heading\">Estudios de laboratorio<\/h3>\n\n\n\n<p>Los an\u00e1lisis cl\u00ednicos no se autorizan en la obra Social. El afiliado debe dirigirse directamente a cualquier laboratorio y se carga on-line.<\/p>\n\n\n\n<h3 class=\"wp-block-heading\">Estudios hematol\u00f3gicos<\/h3>\n\n\n\n<p>Deben autorizarse en la OSPSA (por ejemplo hemostasia, estudios hematol\u00f3gico)<\/p>\n\n\n\n<h3 class=\"wp-block-heading\">Pr\u00e1cticas Ambulatorias e Internaciones<\/h3>\n\n\n\n<p>Tanto practicas ambulatorias como internaciones deben dejarse en ventanilla de autorizaciones y se auditaran dentro de las 48 a 72 hs.<\/p>\n\n\n\n<h4 class=\"wp-block-heading\">Alta complejidad<\/h4>\n\n\n\n<p>Doppler, resonancias, tomograf\u00edas, endoscopias u otro estudio complejo se autoriza con historia cl\u00ednica y estudios previos.<\/p>\n\n\n\n<h3 class=\"wp-block-heading\">Anteojos<\/h3>\n\n\n\n<p>Los menores de 15 a\u00f1os tienen cobertura por obra social.<\/p>\n\n\n\n<p>Mayores de 15 a\u00f1os la cobertura es un beneficio del sindicato.<\/p>\n<\/div>\n<\/div>\n\n\n\n<div class=\"wp-block-columns is-layout-flex wp-container-core-columns-is-layout-28f84493 wp-block-columns-is-layout-flex\">\n<div class=\"wp-block-column is-layout-flow wp-block-column-is-layout-flow\" style=\"flex-basis:50%\">\n<h2 class=\"wp-block-heading has-text-align-right has-pale-cyan-blue-color has-text-color\">Afiliados<br>otra filial<\/h2>\n<\/div>\n\n\n\n<div class=\"wp-block-column is-layout-flow wp-block-column-is-layout-flow\" style=\"flex-basis:50%\">\n<p>Deben autorizar siempre <strong>TODO <\/strong>en nuestra Sede.<\/p>\n\n\n\n<h3 class=\"wp-block-heading\">Pr\u00e1cticas Ambulatorias<\/h3>\n\n\n\n<p>Todas las practicas ambulatorias deben autorizarse en la obra social.<\/p>\n\n\n\n<h3 class=\"wp-block-heading\">Alta complejidad e Internaciones<\/h3>\n\n\n\n<p>Primero deben ser autorizadas en su filial de origen<\/p>\n<\/div>\n<\/div>\n\n\n\n<p><\/p>\n","protected":false},"excerpt":{"rendered":"<p>Las autorizaciones son presenciales en La Plata, Ensenada, Azul, Tandil y Trenque Lauquen. En el&#8230;<\/p>\n","protected":false},"author":1,"featured_media":0,"parent":0,"menu_order":0,"comment_status":"closed","ping_status":"closed","template":"","meta":{"footnotes":""},"class_list":["post-14388","page","type-page","status-publish","hentry"],"_links":{"self":[{"href":"http:\/\/atsalaplata.org.ar\/web\/wp-json\/wp\/v2\/pages\/14388","targetHints":{"allow":["GET"]}}],"collection":[{"href":"http:\/\/atsalaplata.org.ar\/web\/wp-json\/wp\/v2\/pages"}],"about":[{"href":"http:\/\/atsalaplata.org.ar\/web\/wp-json\/wp\/v2\/types\/page"}],"author":[{"embeddable":true,"href":"http:\/\/atsalaplata.org.ar\/web\/wp-json\/wp\/v2\/users\/1"}],"replies":[{"embeddable":true,"href":"http:\/\/atsalaplata.org.ar\/web\/wp-json\/wp\/v2\/comments?post=14388"}],"version-history":[{"count":8,"href":"http:\/\/atsalaplata.org.ar\/web\/wp-json\/wp\/v2\/pages\/14388\/revisions"}],"predecessor-version":[{"id":15308,"href":"http:\/\/atsalaplata.org.ar\/web\/wp-json\/wp\/v2\/pages\/14388\/revisions\/15308"}],"wp:attachment":[{"href":"http:\/\/atsalaplata.org.ar\/web\/wp-json\/wp\/v2\/media?parent=14388"}],"curies":[{"name":"wp","href":"https:\/\/api.w.org\/{rel}","templated":true}]}}