{"id":14385,"date":"2023-06-22T09:13:48","date_gmt":"2023-06-22T12:13:48","guid":{"rendered":"http:\/\/atsalaplata.org.ar\/web\/?page_id=14385"},"modified":"2023-07-28T12:53:17","modified_gmt":"2023-07-28T15:53:17","slug":"cronicidad","status":"publish","type":"page","link":"http:\/\/atsalaplata.org.ar\/web\/cronicidad\/","title":{"rendered":"Cronicidad"},"content":{"rendered":"\n<div class=\"wp-block-columns is-layout-flex wp-container-core-columns-is-layout-28f84493 wp-block-columns-is-layout-flex\">\n<div class=\"wp-block-column is-layout-flow wp-block-column-is-layout-flow\" style=\"flex-basis:100%\">\n<div class=\"wp-block-columns is-layout-flex wp-container-core-columns-is-layout-28f84493 wp-block-columns-is-layout-flex\">\n<div class=\"wp-block-column is-layout-flow wp-block-column-is-layout-flow\">\n<p>Listado de patolog\u00edas para el plan de cronicidad<\/p>\n\n\n\n<ol class=\"wp-block-list\">\n<li>Enfermedades Cardiovasculares y Tratamientos de Prevenci\u00f3n primario o secundaria:\n<ul class=\"wp-block-list\">\n<li>Hipertensi\u00f3n Arterial Esencial<\/li>\n\n\n\n<li>Hipertensi\u00f3n Arterial Secundaria<\/li>\n\n\n\n<li>Insuficiencia Card\u00edaca<\/li>\n\n\n\n<li>Arritmias<\/li>\n\n\n\n<li>Terap\u00e9utica Antiagregante<\/li>\n\n\n\n<li>Prevenci\u00f3n Primaria de la Cardiopat\u00eda Isqu\u00e9mica<\/li>\n<\/ul>\n<\/li>\n\n\n\n<li>Enfermedades Respiratorias:\n<ul class=\"wp-block-list\">\n<li>Asma Bronquial<\/li>\n\n\n\n<li>Fibrosis Pulmonar<\/li>\n<\/ul>\n<\/li>\n\n\n\n<li>Enfermedades Neurol\u00f3gicas:\n<ul class=\"wp-block-list\">\n<li>Enfermedad de Parkinson<\/li>\n\n\n\n<li>Epilepsia<\/li>\n<\/ul>\n<\/li>\n\n\n\n<li>Enfermedades Inflamatorias Cr\u00f3nicas y Enfermedades Reumatol\u00f3gicas:\n<ul class=\"wp-block-list\">\n<li>Gota cr\u00f3nica<\/li>\n\n\n\n<li>Colitis Ulcerosa<\/li>\n\n\n\n<li>Artritis Reumatoidea<\/li>\n\n\n\n<li>Poli Artritis<\/li>\n<\/ul>\n<\/li>\n\n\n\n<li>Enfermedades Oftalmol\u00f3gicas:\n<ul class=\"wp-block-list\">\n<li>Glaucoma<\/li>\n<\/ul>\n<\/li>\n<\/ol>\n<\/div>\n\n\n\n<div class=\"wp-block-column is-layout-flow wp-block-column-is-layout-flow\" style=\"flex-basis:40px\"><\/div>\n\n\n\n<div class=\"wp-block-column is-layout-flow wp-block-column-is-layout-flow\">\n<div class=\"wp-block-buttons is-content-justification-center is-layout-flex wp-container-core-buttons-is-layout-a89b3969 wp-block-buttons-is-layout-flex\">\n<div class=\"wp-block-button has-custom-font-size has-small-font-size\"><a class=\"wp-block-button__link has-vivid-cyan-blue-background-color has-background wp-element-button\" href=\"..\/wp-content\/uploads\/os\/planillas\/cronicidad.pdf\" style=\"border-radius:5px\" target=\"_blank\" rel=\"noreferrer noopener\">Planilla<\/a><\/div>\n<\/div>\n\n\n\n<div style=\"height:30px\" aria-hidden=\"true\" class=\"wp-block-spacer\"><\/div>\n\n\n\n<p>Para ser incluido en le Plan de Cronicidad de acuerdo con la lista de patolog\u00edas contempladas, el m\u00e9dico especialista debe completar la planilla correspondiente, e indicar la o las patolog\u00edas y medicaci\u00f3n (dosis por toma, diaria y semanal)<\/p>\n\n\n\n<p>Los medicamentos tendr\u00e1n cobertura del 70% siempre y cuando est\u00e9n incluidos en el vademecum con este porcentaje. Aquellos que figuran al 40% quedan fuera del plan.<\/p>\n\n\n\n<p>La planilla se renueva cada a\u00f1o. No debe tener tachaduras, ni enmiendas, ni correcciones.<\/p>\n\n\n\n<p>El afiliado podr\u00e1 retirar mensualmente la medicaci\u00f3n de cualquiera de nuestras farmacias.<\/p>\n<\/div>\n<\/div>\n\n\n\n<p><\/p>\n<\/div>\n<\/div>\n","protected":false},"excerpt":{"rendered":"<p>Listado de patolog\u00edas para el plan de cronicidad Para ser incluido en le Plan de&#8230;<\/p>\n","protected":false},"author":1,"featured_media":0,"parent":0,"menu_order":0,"comment_status":"closed","ping_status":"closed","template":"","meta":{"footnotes":""},"class_list":["post-14385","page","type-page","status-publish","hentry"],"_links":{"self":[{"href":"http:\/\/atsalaplata.org.ar\/web\/wp-json\/wp\/v2\/pages\/14385","targetHints":{"allow":["GET"]}}],"collection":[{"href":"http:\/\/atsalaplata.org.ar\/web\/wp-json\/wp\/v2\/pages"}],"about":[{"href":"http:\/\/atsalaplata.org.ar\/web\/wp-json\/wp\/v2\/types\/page"}],"author":[{"embeddable":true,"href":"http:\/\/atsalaplata.org.ar\/web\/wp-json\/wp\/v2\/users\/1"}],"replies":[{"embeddable":true,"href":"http:\/\/atsalaplata.org.ar\/web\/wp-json\/wp\/v2\/comments?post=14385"}],"version-history":[{"count":7,"href":"http:\/\/atsalaplata.org.ar\/web\/wp-json\/wp\/v2\/pages\/14385\/revisions"}],"predecessor-version":[{"id":15328,"href":"http:\/\/atsalaplata.org.ar\/web\/wp-json\/wp\/v2\/pages\/14385\/revisions\/15328"}],"wp:attachment":[{"href":"http:\/\/atsalaplata.org.ar\/web\/wp-json\/wp\/v2\/media?parent=14385"}],"curies":[{"name":"wp","href":"https:\/\/api.w.org\/{rel}","templated":true}]}}