{"id":14214,"date":"2023-06-21T11:15:19","date_gmt":"2023-06-21T14:15:19","guid":{"rendered":"http:\/\/atsalaplata.org.ar\/web\/?page_id=14214"},"modified":"2024-05-13T12:57:22","modified_gmt":"2024-05-13T15:57:22","slug":"accion-social","status":"publish","type":"page","link":"http:\/\/atsalaplata.org.ar\/web\/accion-social\/","title":{"rendered":"Acci\u00f3n Social"},"content":{"rendered":"\n<h2 class=\"wp-block-heading has-vivid-cyan-blue-color has-text-color has-link-color wp-elements-11bb33395bd88b37e0d597cb9909d255\"><strong>Entrega de Ajuar<\/strong><\/h2>\n\n\n\n<p>ATSA La Plata a trav\u00e9s de la Secretar\u00eda de Acci\u00f3n Social a cargo de Morales Norma continua con la entrega de Ajuar.<\/p>\n\n\n\n<p><strong>Requisitos para la entrega de Ajuar a partir del s\u00e9ptimo mes de embarazo:<\/strong><\/p>\n\n\n\n<ul class=\"wp-block-list\">\n<li>Tener 6 meses de antig\u00fcedad afiliatoria al Sindicato<\/li>\n\n\n\n<li>\u00daltimo recibo de sueldo<\/li>\n\n\n\n<li>DNI<\/li>\n\n\n\n<li>Certificado m\u00e9dico con fecha posible parto<\/li>\n\n\n\n<li>Fotocopia por duplicado de todos los requisitos<\/li>\n<\/ul>\n\n\n\n<p>Este beneficio es para todos\/as los afiliados\/as dentro las 45 localidades de la Pcia de Bs. As que abarca ATSA La Plata.<\/p>\n\n\n\n<p>Para m\u00e1s informaci\u00f3n pueden comunicarse a los tels 0221 425-9612\/421-6023\/483-8573, acercarse a la delegaci\u00f3n m\u00e1s cercana (para los\/as afiliados\/as del interior) o con los\/as delegados\/as de los establecimientos.<\/p>\n\n\n\n<div style=\"height:30px\" aria-hidden=\"true\" class=\"wp-block-spacer\"><\/div>\n\n\n\n<hr class=\"wp-block-separator has-alpha-channel-opacity\"\/>\n\n\n\n<div class=\"wp-block-columns is-layout-flex wp-container-core-columns-is-layout-28f84493 wp-block-columns-is-layout-flex\">\n<div class=\"wp-block-column is-layout-flow wp-block-column-is-layout-flow\" style=\"flex-basis:100%\">\n<div class=\"wp-block-columns is-layout-flex wp-container-core-columns-is-layout-28f84493 wp-block-columns-is-layout-flex\">\n<div class=\"wp-block-column is-layout-flow wp-block-column-is-layout-flow\">\n<p>Seguimiento y evaluaci\u00f3n de tratamientos y casos.<\/p>\n\n\n\n<p>Pod\u00e9s realizar tu consulta utilizando el formulario de esta p\u00e1gina<\/p>\n<\/div>\n\n\n\n<div class=\"wp-block-column is-layout-flow wp-block-column-is-layout-flow\">\n<div class=\"wp-block-contact-form-7-contact-form-selector\">[contact-form-7 id=\u00bb14211&#8243; title=\u00bbAccion-Social\u00bb]<\/div>\n<\/div>\n<\/div>\n<\/div>\n<\/div>\n","protected":false},"excerpt":{"rendered":"<p>Entrega de Ajuar ATSA La Plata a trav\u00e9s de la Secretar\u00eda de Acci\u00f3n Social a&#8230;<\/p>\n","protected":false},"author":1,"featured_media":0,"parent":0,"menu_order":0,"comment_status":"closed","ping_status":"closed","template":"","meta":{"footnotes":""},"class_list":["post-14214","page","type-page","status-publish","hentry"],"_links":{"self":[{"href":"http:\/\/atsalaplata.org.ar\/web\/wp-json\/wp\/v2\/pages\/14214","targetHints":{"allow":["GET"]}}],"collection":[{"href":"http:\/\/atsalaplata.org.ar\/web\/wp-json\/wp\/v2\/pages"}],"about":[{"href":"http:\/\/atsalaplata.org.ar\/web\/wp-json\/wp\/v2\/types\/page"}],"author":[{"embeddable":true,"href":"http:\/\/atsalaplata.org.ar\/web\/wp-json\/wp\/v2\/users\/1"}],"replies":[{"embeddable":true,"href":"http:\/\/atsalaplata.org.ar\/web\/wp-json\/wp\/v2\/comments?post=14214"}],"version-history":[{"count":19,"href":"http:\/\/atsalaplata.org.ar\/web\/wp-json\/wp\/v2\/pages\/14214\/revisions"}],"predecessor-version":[{"id":17176,"href":"http:\/\/atsalaplata.org.ar\/web\/wp-json\/wp\/v2\/pages\/14214\/revisions\/17176"}],"wp:attachment":[{"href":"http:\/\/atsalaplata.org.ar\/web\/wp-json\/wp\/v2\/media?parent=14214"}],"curies":[{"name":"wp","href":"https:\/\/api.w.org\/{rel}","templated":true}]}}