{"id":14212,"date":"2023-06-21T13:45:52","date_gmt":"2023-06-21T16:45:52","guid":{"rendered":"http:\/\/atsalaplata.org.ar\/web\/?page_id=14212"},"modified":"2026-04-09T13:50:15","modified_gmt":"2026-04-09T16:50:15","slug":"convenios","status":"publish","type":"page","link":"http:\/\/atsalaplata.org.ar\/web\/convenios\/","title":{"rendered":"Convenios y Escalas"},"content":{"rendered":"\n<p>Aqu\u00ed podr\u00e1 encontrar un resumen del texto de los convenios. Haciendo click en \u00abEscalas Salariales\u00bb podr\u00e1 ver la escala salarial vigente.<\/p>\n\n\n\n<h1 class=\"wp-block-heading has-vivid-cyan-blue-color has-text-color\">Convenio Colectivo de Trabajo N\u00ba 107\/75<\/h1>\n\n\n\n<div class=\"wp-block-columns is-layout-flex wp-container-core-columns-is-layout-28f84493 wp-block-columns-is-layout-flex\">\n<div class=\"wp-block-column is-layout-flow wp-block-column-is-layout-flow\"><\/div>\n\n\n\n<div class=\"wp-block-column is-layout-flow wp-block-column-is-layout-flow\" style=\"flex-basis:66.66%\">\n<p class=\"has-vivid-cyan-blue-color has-text-color has-link-color wp-elements-928fd70d9420f7e24f8b0546443bfe1e\"><strong>Vigencia: el presente acuerdo se enmarca en la vigencia ya<br>convenida que comprende el per\u00edodo desde 01\/2\/26 hasta el 31\/1\/27.<\/strong><\/p>\n\n\n\n<p class=\"has-small-font-size\">Partes intervinientes: FEDERACION DE ASOCIACIONES DE TRABAJADORES DE LA SANIDAD ARGENTINA Y CONFEDERACION ARGENTINA DE MUTUALIDADES.<\/p>\n\n\n\n<h4 class=\"wp-block-heading\">ACTIVIDAD Y CATEGOR\u00cdA DE TRABAJADORES A QUE SE REFIERE:<\/h4>\n\n\n\n<p>Comprende Al Personal T\u00e9cnico, Administrativo Y De Maestranza De Todas Las Mutualidades Del Pa\u00eds.<\/p>\n<\/div>\n\n\n\n<div class=\"wp-block-column is-layout-flow wp-block-column-is-layout-flow\" style=\"flex-basis:33.33%\">\n<div class=\"wp-block-buttons is-content-justification-right is-layout-flex wp-container-core-buttons-is-layout-d445cf74 wp-block-buttons-is-layout-flex\">\n<div class=\"wp-block-button has-custom-width wp-block-button__width-100\"><a class=\"wp-block-button__link has-white-color has-vivid-cyan-blue-background-color has-text-color has-background has-small-font-size has-custom-font-size wp-element-button\" href=\"http:\/\/atsalaplata.org.ar\/web\/escala-107-75\/\" style=\"border-radius:5px\" target=\"_blank\" rel=\"noreferrer noopener\">Escalas Salariales<\/a><\/div>\n\n\n\n<div class=\"wp-block-button has-custom-width wp-block-button__width-100\"><a class=\"wp-block-button__link has-white-color has-vivid-cyan-blue-background-color has-text-color has-background has-small-font-size has-custom-font-size wp-element-button\" href=\"http:\/\/atsalaplata.org.ar\/web\/wp-content\/uploads\/escalas\/homologaciones\/hom-107-75.pdf\" style=\"border-radius:5px\" target=\"_blank\" rel=\"noreferrer noopener\">Acuerdos, Antecedentes de Negociaci\u00f3n y Homologaci\u00f3n<\/a><\/div>\n<\/div>\n<\/div>\n\n\n\n<div class=\"wp-block-column is-layout-flow wp-block-column-is-layout-flow\"><\/div>\n<\/div>\n\n\n\n<hr class=\"wp-block-separator has-alpha-channel-opacity\"\/>\n\n\n\n<h1 class=\"wp-block-heading has-vivid-cyan-blue-color has-text-color\">Convenio Colectivo de Trabajo N\u00ba 108\/75<\/h1>\n\n\n\n<div class=\"wp-block-columns is-layout-flex wp-container-core-columns-is-layout-28f84493 wp-block-columns-is-layout-flex\">\n<div class=\"wp-block-column is-layout-flow wp-block-column-is-layout-flow\"><\/div>\n\n\n\n<div class=\"wp-block-column is-layout-flow wp-block-column-is-layout-flow\" style=\"flex-basis:66.66%\">\n<p class=\"has-vivid-cyan-blue-color has-text-color has-link-color wp-elements-d2c725b54eaaf198b0f3446f06a4fb39\"><strong>Vigencia: el presente acuerdo se enmarca en la vigencia ya convenida que comprende el per\u00edodo desde 01\/2\/26 hasta el 31\/1\/27.<\/strong><\/p>\n\n\n\n<p class=\"has-small-font-size\">Partes intervinientes: FEDERACION DE ASOCIACIONES DE TRABAJADORES DE LA SANIDAD ARGENTINA c\/ ASOCIACION DE INSTITUTOS Y ORGANIZACIONES MEDICAS SIN INTERNACION Y COLMEGNA S.A.C.Y.F.<\/p>\n\n\n\n<h4 class=\"wp-block-heading\">ACTIVIDAD Y CATEGOR\u00cdA DE TRABAJADORES A QUE SE REFIERE:<\/h4>\n\n\n\n<p>Comprende Al Personal T\u00e9cnico, Administrativo Y Obrero De Los Institutos M\u00e9dicos U Odontol\u00f3gicos Sin Internaci\u00f3n, Laboratorios Biol\u00f3gicos Y De An\u00e1lisis Cl\u00ednicos, Rayos X O Similares, Consultorios, Cl\u00ednicas E Institutos De Preservaci\u00f3n De La Salud (Ba\u00f1os, Cuidado Corporal, Etc.) Y En General, A Todos Los Que Se Desempe\u00f1en En Toda Organizaci\u00f3n Sin Internaci\u00f3n Cuya Finalidad Sea La Recuperaci\u00f3n, Conservaci\u00f3n Y\/O Preservaci\u00f3n De La Salud.<\/p>\n<\/div>\n\n\n\n<div class=\"wp-block-column is-layout-flow wp-block-column-is-layout-flow\" style=\"flex-basis:33.33%\">\n<div class=\"wp-block-buttons is-content-justification-right is-layout-flex wp-container-core-buttons-is-layout-d445cf74 wp-block-buttons-is-layout-flex\">\n<div class=\"wp-block-button has-custom-width wp-block-button__width-100\"><a class=\"wp-block-button__link has-white-color has-vivid-cyan-blue-background-color has-text-color has-background has-small-font-size has-custom-font-size wp-element-button\" href=\"http:\/\/atsalaplata.org.ar\/web\/escala-108-75\/\" style=\"border-radius:5px\" target=\"_blank\" rel=\"noreferrer noopener\">Escalas Salariales<\/a><\/div>\n\n\n\n<div class=\"wp-block-button has-custom-width wp-block-button__width-100\"><a class=\"wp-block-button__link has-white-color has-vivid-cyan-blue-background-color has-text-color has-background has-small-font-size has-custom-font-size wp-element-button\" href=\"http:\/\/atsalaplata.org.ar\/web\/wp-content\/uploads\/escalas\/homologaciones\/hom-108-75.pdf\" style=\"border-radius:5px\" target=\"_blank\" rel=\"noreferrer noopener\">Acuerdos, Antecedentes de Negociaci\u00f3n y Homologaci\u00f3n<\/a><\/div>\n<\/div>\n<\/div>\n\n\n\n<div class=\"wp-block-column is-layout-flow wp-block-column-is-layout-flow\"><\/div>\n<\/div>\n\n\n\n<hr class=\"wp-block-separator has-alpha-channel-opacity\"\/>\n\n\n\n<h1 class=\"wp-block-heading has-vivid-cyan-blue-color has-text-color\">Convenio Colectivo de Trabajo N\u00ba 120\/75<\/h1>\n\n\n\n<div class=\"wp-block-columns is-layout-flex wp-container-core-columns-is-layout-28f84493 wp-block-columns-is-layout-flex\">\n<div class=\"wp-block-column is-layout-flow wp-block-column-is-layout-flow\"><\/div>\n\n\n\n<div class=\"wp-block-column is-layout-flow wp-block-column-is-layout-flow\" style=\"flex-basis:66.66%\">\n<p class=\"has-vivid-cyan-blue-color has-text-color has-link-color wp-elements-d2c725b54eaaf198b0f3446f06a4fb39\"><strong>Vigencia: el presente acuerdo se enmarca en la vigencia ya convenida que comprende el per\u00edodo desde 01\/2\/26 hasta el 31\/1\/27.<\/strong><\/p>\n\n\n\n<p class=\"has-small-font-size\">Partes intervinientes: FEDERACION DE ASOCIACIONES DE TRABAJADORES DE LA SANIDAD ARGENTINA y la FEDERACION DE DROGUERIAS DE LA REPUBLICA.<\/p>\n\n\n\n<h4 class=\"wp-block-heading\">ACTIVIDAD Y CATEGOR\u00cdA DE TRABAJADORES A QUE SE REFIERE:<\/h4>\n\n\n\n<p>Comprende Al Personal T\u00e9cnico, Administrativo Y Obrero De Las Droguer\u00edas En General.<\/p>\n<\/div>\n\n\n\n<div class=\"wp-block-column is-layout-flow wp-block-column-is-layout-flow\" style=\"flex-basis:33.33%\">\n<div class=\"wp-block-buttons is-content-justification-right is-layout-flex wp-container-core-buttons-is-layout-d445cf74 wp-block-buttons-is-layout-flex\">\n<div class=\"wp-block-button has-custom-width wp-block-button__width-100\"><a class=\"wp-block-button__link has-white-color has-vivid-cyan-blue-background-color has-text-color has-background has-small-font-size has-custom-font-size wp-element-button\" href=\"http:\/\/atsalaplata.org.ar\/web\/escala-120-75\/\" style=\"border-radius:5px\" target=\"_blank\" rel=\"noreferrer noopener\">Escalas Salariales<\/a><\/div>\n\n\n\n<div class=\"wp-block-button has-custom-width wp-block-button__width-100\"><a class=\"wp-block-button__link has-white-color has-vivid-cyan-blue-background-color has-text-color has-background has-small-font-size has-custom-font-size wp-element-button\" href=\"https:\/\/www.sanidad.org.ar\/acciongremial\/cct\/c120.aspx\" style=\"border-radius:5px\" target=\"_blank\" rel=\"noreferrer noopener\">Acuerdos, Antecedentes de Negociaci\u00f3n y Homologaci\u00f3n<\/a><\/div>\n<\/div>\n<\/div>\n\n\n\n<div class=\"wp-block-column is-layout-flow wp-block-column-is-layout-flow\"><\/div>\n<\/div>\n\n\n\n<hr class=\"wp-block-separator has-alpha-channel-opacity\"\/>\n\n\n\n<h1 class=\"wp-block-heading has-vivid-cyan-blue-color has-text-color\">Convenio Colectivo de Trabajo N\u00ba 122\/75<\/h1>\n\n\n\n<div class=\"wp-block-columns is-layout-flex wp-container-core-columns-is-layout-28f84493 wp-block-columns-is-layout-flex\">\n<div class=\"wp-block-column is-layout-flow wp-block-column-is-layout-flow\"><\/div>\n\n\n\n<div class=\"wp-block-column is-layout-flow wp-block-column-is-layout-flow\" style=\"flex-basis:66.66%\">\n<p class=\"has-vivid-cyan-blue-color has-text-color has-link-color wp-elements-d2c725b54eaaf198b0f3446f06a4fb39\"><strong>Vigencia: el presente acuerdo se enmarca en la vigencia ya convenida que comprende el per\u00edodo desde 01\/2\/26 hasta el 31\/1\/27.<\/strong><\/p>\n\n\n\n<p class=\"has-small-font-size\">Partes intervinientes: FEDERACION DE ASOCIACIONES DE TRABAJADORES DE LA SANIDAD ARGENTINA con CONFEREDERACION ARGENTINA DE CLINICAS \/ SANATORIOS Y HOSPITALES PRIVADOS \/ CAMARA DE INSTITUCIONES MEDICO ASISTENCIALES DE LA REPUBLICA ARGENTINA (CIMARA) \/ ASOCIACION ARGENTINA DE ESTABLECIMIENTOS GERIATRICOS Y ASOCIACION CIVIL DE CLINICAS Y SANATORIOS PRIVADOS DE NEUROSIQUIATRIA.<\/p>\n\n\n\n<h4 class=\"wp-block-heading\">ACTIVIDAD Y CATEGOR\u00cdA DE TRABAJADORES A QUE SE REFIERE:<\/h4>\n\n\n\n<p>Comprende Al Personal T\u00e9cnico, Administrativo Y De Maestranza De Cl\u00ednicas, Sanatorios, Institutos Con Internaci\u00f3n, Establecimientos Geri\u00e1tricos Y Sanatorios De Neurosiquiatr\u00eda.<\/p>\n<\/div>\n\n\n\n<div class=\"wp-block-column is-layout-flow wp-block-column-is-layout-flow\" style=\"flex-basis:33.33%\">\n<div class=\"wp-block-buttons is-content-justification-right is-layout-flex wp-container-core-buttons-is-layout-d445cf74 wp-block-buttons-is-layout-flex\">\n<div class=\"wp-block-button has-custom-width wp-block-button__width-100\"><a class=\"wp-block-button__link has-white-color has-vivid-cyan-blue-background-color has-text-color has-background has-small-font-size has-custom-font-size wp-element-button\" href=\"http:\/\/atsalaplata.org.ar\/web\/00-escala-122-75\/\" style=\"border-radius:5px\" target=\"_blank\" rel=\"noreferrer noopener\">Escalas Salariales<\/a><\/div>\n\n\n\n<div class=\"wp-block-button has-custom-width wp-block-button__width-100\"><a class=\"wp-block-button__link has-white-color has-vivid-cyan-blue-background-color has-text-color has-background has-small-font-size has-custom-font-size wp-element-button\" href=\"http:\/\/atsalaplata.org.ar\/web\/wp-content\/uploads\/escalas\/homologaciones\/hom-122-75.pdf\" style=\"border-radius:5px\" target=\"_blank\" rel=\"noreferrer noopener\">Acuerdos, Antecedentes de Negociaci\u00f3n y Homologaci\u00f3n<\/a><\/div>\n<\/div>\n<\/div>\n\n\n\n<div class=\"wp-block-column is-layout-flow wp-block-column-is-layout-flow\"><\/div>\n<\/div>\n\n\n\n<hr class=\"wp-block-separator has-alpha-channel-opacity\"\/>\n\n\n\n<h1 class=\"wp-block-heading has-vivid-cyan-blue-color has-text-color\">Convenio Colectivo de Trabajo N\u00ba 42\/89<\/h1>\n\n\n\n<div class=\"wp-block-columns is-layout-flex wp-container-core-columns-is-layout-28f84493 wp-block-columns-is-layout-flex\">\n<div class=\"wp-block-column is-layout-flow wp-block-column-is-layout-flow\"><\/div>\n\n\n\n<div class=\"wp-block-column is-layout-flow wp-block-column-is-layout-flow\" style=\"flex-basis:66.66%\">\n<p class=\"has-vivid-cyan-blue-color has-text-color has-link-color wp-elements-d2c725b54eaaf198b0f3446f06a4fb39\"><strong>Vigencia: el presente acuerdo se enmarca en la vigencia ya convenida que comprende el per\u00edodo desde 01\/2\/26 hasta el 31\/1\/27.<\/strong><\/p>\n\n\n\n<p class=\"has-small-font-size\">Partes intervinientes: El presente convenio se concluye entre la FEDERACION ARGENTINA DE INDUSTRIAS DE LA SANIDAD y la FEDERACION DE ASOCIACIONES DE TRABAJADORES DE LA SANIDAD ARGENTINA.<\/p>\n\n\n\n<h4 class=\"wp-block-heading\">ACTIVIDAD Y CATEGOR\u00cdA DE TRABAJADORES A QUE SE REFIERE:<\/h4>\n\n\n\n<p>Comprende Al Personal T\u00e9cnico, Administrativo Y Obrero De Los Laboratorios De Especialidades Medicinales Y\/O Veterinarias.<\/p>\n<\/div>\n\n\n\n<div class=\"wp-block-column is-layout-flow wp-block-column-is-layout-flow\" style=\"flex-basis:33.33%\">\n<div class=\"wp-block-buttons is-content-justification-right is-layout-flex wp-container-core-buttons-is-layout-d445cf74 wp-block-buttons-is-layout-flex\">\n<div class=\"wp-block-button has-custom-width wp-block-button__width-100\"><a class=\"wp-block-button__link has-white-color has-vivid-cyan-blue-background-color has-text-color has-background has-small-font-size has-custom-font-size wp-element-button\" href=\"http:\/\/atsalaplata.org.ar\/web\/escala-42-89\/\" style=\"border-radius:5px\" target=\"_blank\" rel=\"noreferrer noopener\">Escalas Salariales<\/a><\/div>\n\n\n\n<div class=\"wp-block-button has-custom-width wp-block-button__width-100\"><a class=\"wp-block-button__link has-white-color has-vivid-cyan-blue-background-color has-text-color has-background has-small-font-size has-custom-font-size wp-element-button\" href=\"https:\/\/www.sanidad.org.ar\/acciongremial\/cct\/c42.aspx\" style=\"border-radius:5px\" target=\"_blank\" rel=\"noreferrer noopener\">Acuerdos, Antecedentes de Negociaci\u00f3n y Homologaci\u00f3n<\/a><\/div>\n<\/div>\n<\/div>\n\n\n\n<div class=\"wp-block-column is-layout-flow wp-block-column-is-layout-flow\"><\/div>\n<\/div>\n\n\n\n<hr class=\"wp-block-separator has-alpha-channel-opacity\"\/>\n\n\n\n<h1 class=\"wp-block-heading has-vivid-cyan-blue-color has-text-color\">Convenio Colectivo de Trabajo N\u00ba 136\/95<\/h1>\n\n\n\n<div class=\"wp-block-columns is-layout-flex wp-container-core-columns-is-layout-28f84493 wp-block-columns-is-layout-flex\">\n<div class=\"wp-block-column is-layout-flow wp-block-column-is-layout-flow\"><\/div>\n\n\n\n<div class=\"wp-block-column is-layout-flow wp-block-column-is-layout-flow\" style=\"flex-basis:66.66%\">\n<p class=\"has-vivid-cyan-blue-color has-text-color has-link-color wp-elements-d2c725b54eaaf198b0f3446f06a4fb39\"><strong>Vigencia: el presente acuerdo se enmarca en la vigencia ya convenida que comprende el per\u00edodo desde 01\/2\/26 hasta el 31\/1\/27.<\/strong><\/p>\n\n\n\n<p class=\"has-small-font-size\">Partes intervinientes: FEDERACION DE ASOCIACIONES DE TRABAJADORES DE LA SANIDAD ARGENTINA&nbsp; \/ LABORATORIOS BAGO S.A.&nbsp; \/&nbsp; QUIMICA MONPELLIER S.A.&nbsp; \/&nbsp; INSTITUTO SAN JORGE BAGO S.A.<\/p>\n\n\n\n<h4 class=\"wp-block-heading\">ACTIVIDAD Y CATEGOR\u00cdA DE TRABAJADORES A QUE SE REFIERE:<\/h4>\n\n\n\n<p>Personal T\u00e9cnico, Administrativo Y Obrero De Laboratorio De Laboratorios Bag\u00f3 SA Y Qu\u00edmica Montpellier SA.<\/p>\n<\/div>\n\n\n\n<div class=\"wp-block-column is-layout-flow wp-block-column-is-layout-flow\" style=\"flex-basis:33.33%\">\n<div class=\"wp-block-buttons is-layout-flex wp-block-buttons-is-layout-flex\">\n<div class=\"wp-block-button has-custom-width wp-block-button__width-100\"><a class=\"wp-block-button__link has-white-color has-vivid-cyan-blue-background-color has-text-color has-background has-small-font-size has-custom-font-size wp-element-button\" href=\"http:\/\/atsalaplata.org.ar\/web\/escala-136-95\/\" style=\"border-radius:5px\" target=\"_blank\" rel=\"noreferrer noopener\">Escalas Salariales<\/a><\/div>\n\n\n\n<div class=\"wp-block-button has-custom-width wp-block-button__width-100\"><a class=\"wp-block-button__link has-white-color has-vivid-cyan-blue-background-color has-text-color has-background has-small-font-size has-custom-font-size wp-element-button\" href=\"https:\/\/www.sanidad.org.ar\/acciongremial\/cct\/c42.aspx\" style=\"border-radius:5px\" target=\"_blank\" rel=\"noreferrer noopener\">Acuerdos, Antecedentes de Negociaci\u00f3n y Homologaci\u00f3n<\/a><\/div>\n<\/div>\n<\/div>\n\n\n\n<div class=\"wp-block-column is-layout-flow wp-block-column-is-layout-flow\"><\/div>\n<\/div>\n\n\n\n<hr class=\"wp-block-separator has-alpha-channel-opacity\"\/>\n\n\n\n<h1 class=\"wp-block-heading has-vivid-cyan-blue-color has-text-color\">Convenio Colectivo de Trabajo N\u00ba 459\/06<\/h1>\n\n\n\n<div class=\"wp-block-columns is-layout-flex wp-container-core-columns-is-layout-28f84493 wp-block-columns-is-layout-flex\">\n<div class=\"wp-block-column is-layout-flow wp-block-column-is-layout-flow\"><\/div>\n\n\n\n<div class=\"wp-block-column is-layout-flow wp-block-column-is-layout-flow\" style=\"flex-basis:66.66%\">\n<p class=\"has-vivid-cyan-blue-color has-text-color has-link-color wp-elements-d2c725b54eaaf198b0f3446f06a4fb39\"><strong>Vigencia: el presente acuerdo se enmarca en la vigencia ya convenida que comprende el per\u00edodo desde 01\/2\/26 hasta el 31\/1\/27.<\/strong><\/p>\n\n\n\n<p class=\"has-small-font-size\">Partes intervinientes: Son partes contratantes en la convenci\u00f3n la FEDERACI\u00d3N DE C\u00c1MARAS DE EMERGENCIAS MEDICAS Y MEDICINA DOMICILIARIA, con domicilio en Avda Callao 66 8\u00b0 Piso, Ciudad de Buenos Aires por una parte, y la FEDERACI\u00d3N DE ASOCIACIONES DE TRABAJADORES DE LA SANIDAD ARGENTINA, con domicilio en De\u00e1n Funes 1242, Ciudad de Buenos Aires, por la otra, conforme a la unidad de negociaci\u00f3n establecida en el Expediente 1.150630\/06., en el marco de la tipolog\u00eda convencional establecida por las leyes 14250 y 23546, como as\u00ed tambi\u00e9n sus decretos reglamentarios.<\/p>\n\n\n\n<h4 class=\"wp-block-heading\">ACTIVIDAD Y CATEGOR\u00cdA DE TRABAJADORES A QUE SE REFIERE:<\/h4>\n\n\n\n<p>Comprende A Todos Los Trabajadores De Las Empresas De Emergencias M\u00e9dicas, Medicina Domiciliaria Y Traslado De Pacientes Con Fines Sanitarios.<\/p>\n<\/div>\n\n\n\n<div class=\"wp-block-column is-layout-flow wp-block-column-is-layout-flow\" style=\"flex-basis:33.33%\">\n<div class=\"wp-block-buttons is-content-justification-right is-layout-flex wp-container-core-buttons-is-layout-d445cf74 wp-block-buttons-is-layout-flex\">\n<div class=\"wp-block-button has-custom-width wp-block-button__width-100\"><a class=\"wp-block-button__link has-white-color has-vivid-cyan-blue-background-color has-text-color has-background has-small-font-size has-custom-font-size wp-element-button\" href=\"http:\/\/atsalaplata.org.ar\/web\/escala-459-06\/\" style=\"border-radius:5px\" target=\"_blank\" rel=\"noreferrer noopener\">Escalas Salariales<\/a><\/div>\n\n\n\n<div class=\"wp-block-button has-custom-width wp-block-button__width-100\"><a class=\"wp-block-button__link has-white-color has-vivid-cyan-blue-background-color has-text-color has-background has-small-font-size has-custom-font-size wp-element-button\" href=\"http:\/\/atsalaplata.org.ar\/web\/wp-content\/uploads\/escalas\/homologaciones\/hom-459-06.pdf\" style=\"border-radius:5px\" target=\"_blank\" rel=\"noreferrer noopener\">Acuerdos, Antecedentes de Negociaci\u00f3n y Homologaci\u00f3n<\/a><\/div>\n<\/div>\n<\/div>\n\n\n\n<div class=\"wp-block-column is-layout-flow wp-block-column-is-layout-flow\"><\/div>\n<\/div>\n\n\n\n<hr class=\"wp-block-separator has-alpha-channel-opacity\"\/>\n\n\n\n<h1 class=\"wp-block-heading has-vivid-cyan-blue-color has-text-color\">Convenio Colectivo de Trabajo N\u00ba 743\/16<\/h1>\n\n\n\n<div class=\"wp-block-columns is-layout-flex wp-container-core-columns-is-layout-28f84493 wp-block-columns-is-layout-flex\">\n<div class=\"wp-block-column is-layout-flow wp-block-column-is-layout-flow\"><\/div>\n\n\n\n<div class=\"wp-block-column is-layout-flow wp-block-column-is-layout-flow\" style=\"flex-basis:66.66%\">\n<p class=\"has-vivid-cyan-blue-color has-text-color has-link-color wp-elements-d2c725b54eaaf198b0f3446f06a4fb39\"><strong>Vigencia: el presente acuerdo se enmarca en la vigencia ya convenida que comprende el per\u00edodo desde 01\/2\/26 hasta el 31\/1\/27.<\/strong><\/p>\n\n\n\n<p class=\"has-small-font-size\">Partes intervinientes: Son partes intervinientes en la convenci\u00f3n la FEDERACI\u00d3N DE ASOCIACIONES DE TRABAJADORES DE LA SANIDAD ARGENTINA, con domicilio en De\u00e1n Funes n\u00b0 1242, Ciudad de Buenos Aires, por una parte, y por la otra la C\u00c1MARA ARGENTINA DE EMPRESAS DE&nbsp; INTERNACI\u00d3N DOMICILIARIA, con domicilio en Calle Tucum\u00e1n n\u00b0 1711 4\u00ba Piso \u201cB\u201d, Ciudad de Buenos Aires, conforme a la unidad de negociaci\u00f3n establecida en el Expediente n\u00b0 1.545.915\/12, en el marco de la tipolog\u00eda convencional establecida por las leyes 14250 y 23546, como as\u00ed tambi\u00e9n sus decretos reglamentarios.<\/p>\n\n\n\n<h4 class=\"wp-block-heading\">ACTIVIDAD Y CATEGOR\u00cdA DE TRABAJADORES A QUE SE REFIERE:<\/h4>\n\n\n\n<p>Modalidad de atenci\u00f3n programada de la salud, mediante la cual se brinda asistencia al paciente en su domicilio o lugar de residencia.<\/p>\n<\/div>\n\n\n\n<div class=\"wp-block-column is-layout-flow wp-block-column-is-layout-flow\" style=\"flex-basis:33.33%\">\n<div class=\"wp-block-buttons is-content-justification-right is-layout-flex wp-container-core-buttons-is-layout-d445cf74 wp-block-buttons-is-layout-flex\">\n<div class=\"wp-block-button has-custom-width wp-block-button__width-100\"><a class=\"wp-block-button__link has-white-color has-vivid-cyan-blue-background-color has-text-color has-background has-small-font-size has-custom-font-size wp-element-button\" href=\"http:\/\/atsalaplata.org.ar\/web\/escala-743-16\/\" style=\"border-radius:5px\" target=\"_blank\" rel=\"noreferrer noopener\">Escalas Salariales<\/a><\/div>\n\n\n\n<div class=\"wp-block-button has-custom-width wp-block-button__width-100\"><a class=\"wp-block-button__link has-white-color has-vivid-cyan-blue-background-color has-text-color has-background has-small-font-size has-custom-font-size wp-element-button\" href=\"http:\/\/atsalaplata.org.ar\/web\/wp-content\/uploads\/escalas\/homologaciones\/hom-743-16.pdf\" style=\"border-radius:5px\" target=\"_blank\" rel=\"noreferrer noopener\">Acuerdos, Antecedentes de Negociaci\u00f3n y Homologaci\u00f3n<\/a><\/div>\n<\/div>\n<\/div>\n\n\n\n<div class=\"wp-block-column is-layout-flow wp-block-column-is-layout-flow\"><\/div>\n<\/div>\n","protected":false},"excerpt":{"rendered":"<p>Aqu\u00ed podr\u00e1 encontrar un resumen del texto de los convenios. Haciendo click en \u00abEscalas Salariales\u00bb&#8230;<\/p>\n","protected":false},"author":2,"featured_media":0,"parent":0,"menu_order":0,"comment_status":"closed","ping_status":"closed","template":"","meta":{"footnotes":""},"class_list":["post-14212","page","type-page","status-publish","hentry"],"_links":{"self":[{"href":"http:\/\/atsalaplata.org.ar\/web\/wp-json\/wp\/v2\/pages\/14212","targetHints":{"allow":["GET"]}}],"collection":[{"href":"http:\/\/atsalaplata.org.ar\/web\/wp-json\/wp\/v2\/pages"}],"about":[{"href":"http:\/\/atsalaplata.org.ar\/web\/wp-json\/wp\/v2\/types\/page"}],"author":[{"embeddable":true,"href":"http:\/\/atsalaplata.org.ar\/web\/wp-json\/wp\/v2\/users\/2"}],"replies":[{"embeddable":true,"href":"http:\/\/atsalaplata.org.ar\/web\/wp-json\/wp\/v2\/comments?post=14212"}],"version-history":[{"count":91,"href":"http:\/\/atsalaplata.org.ar\/web\/wp-json\/wp\/v2\/pages\/14212\/revisions"}],"predecessor-version":[{"id":21619,"href":"http:\/\/atsalaplata.org.ar\/web\/wp-json\/wp\/v2\/pages\/14212\/revisions\/21619"}],"wp:attachment":[{"href":"http:\/\/atsalaplata.org.ar\/web\/wp-json\/wp\/v2\/media?parent=14212"}],"curies":[{"name":"wp","href":"https:\/\/api.w.org\/{rel}","templated":true}]}}