{"id":14008,"date":"2023-06-16T12:38:21","date_gmt":"2023-06-16T15:38:21","guid":{"rendered":"http:\/\/atsalaplata.org.ar\/web\/?page_id=14008"},"modified":"2026-03-17T08:43:03","modified_gmt":"2026-03-17T11:43:03","slug":"afiliacionospsa","status":"publish","type":"page","link":"http:\/\/atsalaplata.org.ar\/web\/afiliacionospsa\/","title":{"rendered":"Afiliaci\u00f3n Obra Social OSPSA"},"content":{"rendered":"\n<p>Pod\u00e9s completar el formulario de afiliaci\u00f3n ingresando al siguiente enlace<\/p>\n\n\n\n<div class=\"wp-block-columns is-layout-flex wp-container-core-columns-is-layout-28f84493 wp-block-columns-is-layout-flex\">\n<div class=\"wp-block-column is-layout-flow wp-block-column-is-layout-flow\">\n<div class=\"wp-block-columns is-layout-flex wp-container-core-columns-is-layout-28f84493 wp-block-columns-is-layout-flex\">\n<div class=\"wp-block-column is-layout-flow wp-block-column-is-layout-flow\">\n<div class=\"wp-block-buttons is-content-justification-center is-layout-flex wp-container-core-buttons-is-layout-a89b3969 wp-block-buttons-is-layout-flex\">\n<div class=\"wp-block-button\"><a class=\"wp-block-button__link has-vivid-cyan-blue-background-color has-background wp-element-button\" href=\"https:\/\/portal.sanidad.org.ar\/Autogestion\" style=\"border-top-left-radius:5px;border-top-right-radius:5px;border-bottom-left-radius:5px;border-bottom-right-radius:5px\">Afiliarse a OSPSA<\/a><\/div>\n<\/div>\n<\/div>\n<\/div>\n<\/div>\n<\/div>\n\n\n\n<hr class=\"wp-block-separator has-alpha-channel-opacity is-style-wide\"\/>\n\n\n\n<h2 class=\"wp-block-heading has-text-align-center has-vivid-cyan-blue-color has-text-color\">&#8211; Requisitos &#8211;<\/h2>\n\n\n\n<div style=\"height:30px\" aria-hidden=\"true\" class=\"wp-block-spacer\"><\/div>\n\n\n\n<div class=\"wp-block-columns is-layout-flex wp-container-core-columns-is-layout-28f84493 wp-block-columns-is-layout-flex\">\n<div class=\"wp-block-column is-layout-flow wp-block-column-is-layout-flow\" style=\"flex-basis:50%\">\n<p>Pod\u00e9s descargar la planilla de Afiliaci\u00f3n a la Obra Social y acercarla personalmente.<\/p>\n<\/div>\n\n\n\n<div class=\"wp-block-column is-layout-flow wp-block-column-is-layout-flow\">\n<p><\/p>\n<\/div>\n\n\n\n<div class=\"wp-block-column is-layout-flow wp-block-column-is-layout-flow\" style=\"flex-basis:30%\">\n<div class=\"wp-block-buttons is-content-justification-center is-layout-flex wp-container-core-buttons-is-layout-a89b3969 wp-block-buttons-is-layout-flex\">\n<div class=\"wp-block-button is-style-fill\"><a class=\"wp-block-button__link has-white-color has-vivid-cyan-blue-background-color has-text-color has-background has-small-font-size has-text-align-center has-custom-font-size wp-element-button\" href=\"..\/wp-content\/uploads\/os\/planillas\/afiliacion-OSPSA.pdf\" style=\"border-radius:5px\" target=\"_blank\" rel=\"noreferrer noopener\"><strong>DESCARGAR PLANILLA<\/strong><\/a><\/div>\n<\/div>\n<\/div>\n<\/div>\n\n\n\n<div class=\"wp-block-columns is-layout-flex wp-container-core-columns-is-layout-28f84493 wp-block-columns-is-layout-flex\">\n<div class=\"wp-block-column is-layout-flow wp-block-column-is-layout-flow\" style=\"flex-basis:33.33%\">\n<h2 class=\"wp-block-heading has-text-align-right has-vivid-cyan-blue-color has-text-color\">TITULAR<\/h2>\n<\/div>\n\n\n\n<div class=\"wp-block-column is-layout-flow wp-block-column-is-layout-flow\" style=\"flex-basis:66.66%\">\n<p><strong>Definici\u00f3n:<\/strong> Trabajador en relaci\u00f3n de dependencia en una empresa de la rama de actividad de la sanidad. <\/p>\n\n\n\n<p class=\"has-vivid-cyan-blue-color has-text-color\"><strong>Documentaci\u00f3n a Presentar (2 copias):<\/strong><\/p>\n\n\n\n<ul class=\"wp-block-list\">\n<li>Planilla de registro del beneficiario\n<ul class=\"wp-block-list\">\n<li>se puede descargar haciendo click en el bot\u00f3n \u00abDESCARGAR PLANILLA\u00bb<\/li>\n<\/ul>\n<\/li>\n\n\n\n<li>\u00daltimo recibo de sueldo (mes completo).<\/li>\n\n\n\n<li>Alta Temprana (formulario de la AFIP que da el empleador)\n<ul class=\"wp-block-list\">\n<li>Si en \u00abModalidad de contrato\u00bb no dice \u00abPor tiempo indeterminado\u00bb deber\u00e1 presentar el contrato con la fecha de vencimiento<\/li>\n<\/ul>\n<\/li>\n\n\n\n<li>DNI (frente y dorso).<\/li>\n\n\n\n<li>Constancia de CUIL que se obtiene a trav\u00e9s de la p\u00e1gina ANSES<\/li>\n<\/ul>\n<\/div>\n<\/div>\n\n\n\n<hr class=\"wp-block-separator has-alpha-channel-opacity\"\/>\n\n\n\n<div class=\"wp-block-columns is-layout-flex wp-container-core-columns-is-layout-28f84493 wp-block-columns-is-layout-flex\">\n<div class=\"wp-block-column is-layout-flow wp-block-column-is-layout-flow\" style=\"flex-basis:33.33%\">\n<h2 class=\"wp-block-heading has-text-align-right has-vivid-cyan-blue-color has-text-color\">HIJO\/A<\/h2>\n<\/div>\n\n\n\n<div class=\"wp-block-column is-layout-flow wp-block-column-is-layout-flow\" style=\"flex-basis:66.66%\">\n<p><strong>Definici\u00f3n:<\/strong> Hijos directos del titular,menores de 21 a\u00f1os<\/p>\n\n\n\n<p class=\"has-vivid-cyan-blue-color has-text-color\"><strong>Documentaci\u00f3n a Presentar (2 copias): <\/strong><\/p>\n\n\n\n<ul class=\"wp-block-list\">\n<li>DNI (frente y dorso) del familiar a incorporar<\/li>\n\n\n\n<li>Certificado de nacimiento de hijos (en caso de incorporaci\u00f3n) donde conste el DNI.<\/li>\n\n\n\n<li>CUIL del familiares a incorporar.<\/li>\n\n\n\n<li>Alta o baja de menores en la Superintendencia de Servicios de Salud.<\/li>\n<\/ul>\n\n\n\n<p><strong>NOTA ACLARATORIA:<\/strong> En caso que se desee incorporar hijo\/a despu\u00e9s de haber tramitado la afiliaci\u00f3n a la Obra Social, se deber\u00e1 volver a presentar la documentaci\u00f3n para el titular, salvo el alta temprana, junto a la planilla de registro de beneficiario.<\/p>\n<\/div>\n<\/div>\n\n\n\n<hr class=\"wp-block-separator has-alpha-channel-opacity\"\/>\n\n\n\n<div class=\"wp-block-columns is-layout-flex wp-container-core-columns-is-layout-28f84493 wp-block-columns-is-layout-flex\">\n<div class=\"wp-block-column is-layout-flow wp-block-column-is-layout-flow\" style=\"flex-basis:33.33%\">\n<h2 class=\"wp-block-heading has-text-align-right has-vivid-cyan-blue-color has-text-color\">HIJO\/A<br>mayor de 21 a\u00f1os<\/h2>\n<\/div>\n\n\n\n<div class=\"wp-block-column is-layout-flow wp-block-column-is-layout-flow\" style=\"flex-basis:66.66%\">\n<p><strong>Definici\u00f3n:<\/strong> Hijos mayores de edad (de veintiuno a veinticinco a\u00f1os) solteros, que no trabajen, que cursen estudios regulares en establecimientos oficialmente reconocidos y que est\u00e9n a exclusivo cargo del titular<\/p>\n\n\n\n<p class=\"has-vivid-cyan-blue-color has-text-color\"><strong>Documentaci\u00f3n a Presentar (2 copias de todo): <\/strong><\/p>\n\n\n\n<p><strong>Titular<\/strong><\/p>\n\n\n\n<ul class=\"wp-block-list\">\n<li>Planilla de registro de beneficiario<\/li>\n\n\n\n<li>\u00daltimo recibo de sueldo<\/li>\n\n\n\n<li>DNI (frente y dorso)<\/li>\n\n\n\n<li>Constancia de CUIL<\/li>\n<\/ul>\n\n\n\n<p><strong>Hijo\/a<\/strong><\/p>\n\n\n\n<ul class=\"wp-block-list\">\n<li>Certificado de nacimiento donde conste el N\u00ba de DNI<\/li>\n\n\n\n<li>DNI (frente y dorso)<\/li>\n\n\n\n<li>Constancia de CUIL<\/li>\n\n\n\n<li>Certificado de estudios universitarios o aprobados por la Direcci\u00f3n General de Escuelas.<\/li>\n\n\n\n<li>Nota, en car\u00e1cter de declaraci\u00f3n jurada, donde debe constar que es soltero\/a, no trabaja, estudia y vive con los padres<\/li>\n\n\n\n<li>Certificaci\u00f3n negativa de ANSES<\/li>\n<\/ul>\n\n\n\n<p><strong>NOTA ACLARATORIA:<\/strong> Cada 6 meses se tiene que volver a presentar el certificado de estudios actualizado junto con una copia del \u00faltimo recibo de sueldo del titular.<\/p>\n<\/div>\n<\/div>\n\n\n\n<hr class=\"wp-block-separator has-alpha-channel-opacity\"\/>\n\n\n\n<div class=\"wp-block-columns is-layout-flex wp-container-core-columns-is-layout-28f84493 wp-block-columns-is-layout-flex\">\n<div class=\"wp-block-column is-layout-flow wp-block-column-is-layout-flow\" style=\"flex-basis:33.33%\">\n<h2 class=\"wp-block-heading has-text-align-right has-vivid-cyan-blue-color has-text-color\">C\u00d3NYUGUE<\/h2>\n<\/div>\n\n\n\n<div class=\"wp-block-column is-layout-flow wp-block-column-is-layout-flow\" style=\"flex-basis:66.66%\">\n<p><strong>Definici\u00f3n:<\/strong> Persona que contrajo matrimonio legalmente con un beneficiario\/a titular<\/p>\n\n\n\n<p class=\"has-vivid-cyan-blue-color has-text-color\"><strong>Documentaci\u00f3n a Presentar (2 copias de todo): <\/strong><\/p>\n\n\n\n<ul class=\"wp-block-list\">\n<li>DNI (frente y dorso) del familiar a incorporar<\/li>\n\n\n\n<li>Certificado de matrimonio<\/li>\n\n\n\n<li>CUIL del familiares a incorporar.<\/li>\n\n\n\n<li>Certificaci\u00f3n negativa de ANSES (se retira en ANSES o por internet)<\/li>\n<\/ul>\n\n\n\n<p><strong>NOTA ACLARATORIA:<\/strong> En caso que se desee incorporar c\u00f3nyugue despu\u00e9s de haber tramitado la afiliaci\u00f3n a la Obra Social, se deber\u00e1 volver a presentar la documentaci\u00f3n para el titular, salvo el alta temprana, junto a la planilla de registro de beneficiario.<\/p>\n<\/div>\n<\/div>\n\n\n\n<hr class=\"wp-block-separator has-alpha-channel-opacity\"\/>\n\n\n\n<div class=\"wp-block-columns is-layout-flex wp-container-core-columns-is-layout-28f84493 wp-block-columns-is-layout-flex\">\n<div class=\"wp-block-column is-layout-flow wp-block-column-is-layout-flow\" style=\"flex-basis:33.33%\">\n<h2 class=\"wp-block-heading has-text-align-right has-vivid-cyan-blue-color has-text-color\">CONCUBINO\/A<\/h2>\n<\/div>\n\n\n\n<div class=\"wp-block-column is-layout-flow wp-block-column-is-layout-flow\" style=\"flex-basis:66.66%\">\n<p><strong>Definici\u00f3n:<\/strong> Persona que convive en aparente matrimonio con el\/la beneficiario\/a titular y que acreditan una antig\u00fcedad no menor a cinco a\u00f1os en dicha convivencia o que poseen con el beneficiario\/a titular hijos en com\u00fan.<\/p>\n\n\n\n<p class=\"has-vivid-cyan-blue-color has-text-color\"><strong>Documentaci\u00f3n a Presentar (2 copias de todo): <\/strong><\/p>\n\n\n\n<p><strong>Titular<\/strong><\/p>\n\n\n\n<ul class=\"wp-block-list\">\n<li>Planilla de registro de beneficiario<\/li>\n\n\n\n<li>\u00daltimo recibo de sueldo<\/li>\n\n\n\n<li>DNI (frente y dorso)<\/li>\n\n\n\n<li>Constancia de CUIL<\/li>\n<\/ul>\n\n\n\n<p><strong>Concubino\/a<\/strong><\/p>\n\n\n\n<ul class=\"wp-block-list\">\n<li>Certificado de convivencia\n<ul class=\"wp-block-list\">\n<li>se tramita en el registro de las personas, o en tribunales<\/li>\n<\/ul>\n<\/li>\n\n\n\n<li>DNI (frente y dorso)<\/li>\n\n\n\n<li>Constancia de CUIL<\/li>\n\n\n\n<li>Certificado de nacimiento de hijos en com\u00fan donde conste el DNI<\/li>\n\n\n\n<li>Certificaci\u00f3n negativa de ANSES<\/li>\n<\/ul>\n<\/div>\n<\/div>\n","protected":false},"excerpt":{"rendered":"<p>Pod\u00e9s completar el formulario de afiliaci\u00f3n ingresando al siguiente enlace &#8211; Requisitos &#8211; Pod\u00e9s descargar&#8230;<\/p>\n","protected":false},"author":1,"featured_media":0,"parent":0,"menu_order":0,"comment_status":"closed","ping_status":"closed","template":"","meta":{"footnotes":""},"class_list":["post-14008","page","type-page","status-publish","hentry"],"_links":{"self":[{"href":"http:\/\/atsalaplata.org.ar\/web\/wp-json\/wp\/v2\/pages\/14008","targetHints":{"allow":["GET"]}}],"collection":[{"href":"http:\/\/atsalaplata.org.ar\/web\/wp-json\/wp\/v2\/pages"}],"about":[{"href":"http:\/\/atsalaplata.org.ar\/web\/wp-json\/wp\/v2\/types\/page"}],"author":[{"embeddable":true,"href":"http:\/\/atsalaplata.org.ar\/web\/wp-json\/wp\/v2\/users\/1"}],"replies":[{"embeddable":true,"href":"http:\/\/atsalaplata.org.ar\/web\/wp-json\/wp\/v2\/comments?post=14008"}],"version-history":[{"count":31,"href":"http:\/\/atsalaplata.org.ar\/web\/wp-json\/wp\/v2\/pages\/14008\/revisions"}],"predecessor-version":[{"id":21567,"href":"http:\/\/atsalaplata.org.ar\/web\/wp-json\/wp\/v2\/pages\/14008\/revisions\/21567"}],"wp:attachment":[{"href":"http:\/\/atsalaplata.org.ar\/web\/wp-json\/wp\/v2\/media?parent=14008"}],"curies":[{"name":"wp","href":"https:\/\/api.w.org\/{rel}","templated":true}]}}

Afiliación Obra Social OSPSA

<p>Podés completar el formulario de afiliación ingresando al siguiente enlace</p>



<div class="wp-block-columns is-layout-flex wp-container-core-columns-is-layout-28f84493 wp-block-columns-is-layout-flex">
<div class="wp-block-column is-layout-flow wp-block-column-is-layout-flow">
<div class="wp-block-columns is-layout-flex wp-container-core-columns-is-layout-28f84493 wp-block-columns-is-layout-flex">
<div class="wp-block-column is-layout-flow wp-block-column-is-layout-flow">
<div class="wp-block-buttons is-content-justification-center is-layout-flex wp-container-core-buttons-is-layout-a89b3969 wp-block-buttons-is-layout-flex">
<div class="wp-block-button"><a class="wp-block-button__link has-vivid-cyan-blue-background-color has-background wp-element-button" href="https://portal.sanidad.org.ar/Autogestion" style="border-top-left-radius:5px;border-top-right-radius:5px;border-bottom-left-radius:5px;border-bottom-right-radius:5px">Afiliarse a OSPSA</a></div>
</div>
</div>
</div>
</div>
</div>



<hr class="wp-block-separator has-alpha-channel-opacity is-style-wide"/>



<h2 class="wp-block-heading has-text-align-center has-vivid-cyan-blue-color has-text-color">&#8211; Requisitos &#8211;</h2>



<div style="height:30px" aria-hidden="true" class="wp-block-spacer"></div>



<div class="wp-block-columns is-layout-flex wp-container-core-columns-is-layout-28f84493 wp-block-columns-is-layout-flex">
<div class="wp-block-column is-layout-flow wp-block-column-is-layout-flow" style="flex-basis:50%">
<p>Podés descargar la planilla de Afiliación a la Obra Social y acercarla personalmente.</p>
</div>



<div class="wp-block-column is-layout-flow wp-block-column-is-layout-flow">
<p></p>
</div>



<div class="wp-block-column is-layout-flow wp-block-column-is-layout-flow" style="flex-basis:30%">
<div class="wp-block-buttons is-content-justification-center is-layout-flex wp-container-core-buttons-is-layout-a89b3969 wp-block-buttons-is-layout-flex">
<div class="wp-block-button is-style-fill"><a class="wp-block-button__link has-white-color has-vivid-cyan-blue-background-color has-text-color has-background has-small-font-size has-text-align-center has-custom-font-size wp-element-button" href="../wp-content/uploads/os/planillas/afiliacion-OSPSA.pdf" style="border-radius:5px" target="_blank" rel="noreferrer noopener"><strong>DESCARGAR PLANILLA</strong></a></div>
</div>
</div>
</div>



<div class="wp-block-columns is-layout-flex wp-container-core-columns-is-layout-28f84493 wp-block-columns-is-layout-flex">
<div class="wp-block-column is-layout-flow wp-block-column-is-layout-flow" style="flex-basis:33.33%">
<h2 class="wp-block-heading has-text-align-right has-vivid-cyan-blue-color has-text-color">TITULAR</h2>
</div>



<div class="wp-block-column is-layout-flow wp-block-column-is-layout-flow" style="flex-basis:66.66%">
<p><strong>Definición:</strong> Trabajador en relación de dependencia en una empresa de la rama de actividad de la sanidad. </p>



<p class="has-vivid-cyan-blue-color has-text-color"><strong>Documentación a Presentar (2 copias):</strong></p>



<ul class="wp-block-list">
<li>Planilla de registro del beneficiario
<ul class="wp-block-list">
<li>se puede descargar haciendo click en el botón «DESCARGAR PLANILLA»</li>
</ul>
</li>



<li>Último recibo de sueldo (mes completo).</li>



<li>Alta Temprana (formulario de la AFIP que da el empleador)
<ul class="wp-block-list">
<li>Si en «Modalidad de contrato» no dice «Por tiempo indeterminado» deberá presentar el contrato con la fecha de vencimiento</li>
</ul>
</li>



<li>DNI (frente y dorso).</li>



<li>Constancia de CUIL que se obtiene a través de la página ANSES</li>
</ul>
</div>
</div>



<hr class="wp-block-separator has-alpha-channel-opacity"/>



<div class="wp-block-columns is-layout-flex wp-container-core-columns-is-layout-28f84493 wp-block-columns-is-layout-flex">
<div class="wp-block-column is-layout-flow wp-block-column-is-layout-flow" style="flex-basis:33.33%">
<h2 class="wp-block-heading has-text-align-right has-vivid-cyan-blue-color has-text-color">HIJO/A</h2>
</div>



<div class="wp-block-column is-layout-flow wp-block-column-is-layout-flow" style="flex-basis:66.66%">
<p><strong>Definición:</strong> Hijos directos del titular,menores de 21 años</p>



<p class="has-vivid-cyan-blue-color has-text-color"><strong>Documentación a Presentar (2 copias): </strong></p>



<ul class="wp-block-list">
<li>DNI (frente y dorso) del familiar a incorporar</li>



<li>Certificado de nacimiento de hijos (en caso de incorporación) donde conste el DNI.</li>



<li>CUIL del familiares a incorporar.</li>



<li>Alta o baja de menores en la Superintendencia de Servicios de Salud.</li>
</ul>



<p><strong>NOTA ACLARATORIA:</strong> En caso que se desee incorporar hijo/a después de haber tramitado la afiliación a la Obra Social, se deberá volver a presentar la documentación para el titular, salvo el alta temprana, junto a la planilla de registro de beneficiario.</p>
</div>
</div>



<hr class="wp-block-separator has-alpha-channel-opacity"/>



<div class="wp-block-columns is-layout-flex wp-container-core-columns-is-layout-28f84493 wp-block-columns-is-layout-flex">
<div class="wp-block-column is-layout-flow wp-block-column-is-layout-flow" style="flex-basis:33.33%">
<h2 class="wp-block-heading has-text-align-right has-vivid-cyan-blue-color has-text-color">HIJO/A<br>mayor de 21 años</h2>
</div>



<div class="wp-block-column is-layout-flow wp-block-column-is-layout-flow" style="flex-basis:66.66%">
<p><strong>Definición:</strong> Hijos mayores de edad (de veintiuno a veinticinco años) solteros, que no trabajen, que cursen estudios regulares en establecimientos oficialmente reconocidos y que estén a exclusivo cargo del titular</p>



<p class="has-vivid-cyan-blue-color has-text-color"><strong>Documentación a Presentar (2 copias de todo): </strong></p>



<p><strong>Titular</strong></p>



<ul class="wp-block-list">
<li>Planilla de registro de beneficiario</li>



<li>Último recibo de sueldo</li>



<li>DNI (frente y dorso)</li>



<li>Constancia de CUIL</li>
</ul>



<p><strong>Hijo/a</strong></p>



<ul class="wp-block-list">
<li>Certificado de nacimiento donde conste el Nº de DNI</li>



<li>DNI (frente y dorso)</li>



<li>Constancia de CUIL</li>



<li>Certificado de estudios universitarios o aprobados por la Dirección General de Escuelas.</li>



<li>Nota, en carácter de declaración jurada, donde debe constar que es soltero/a, no trabaja, estudia y vive con los padres</li>



<li>Certificación negativa de ANSES</li>
</ul>



<p><strong>NOTA ACLARATORIA:</strong> Cada 6 meses se tiene que volver a presentar el certificado de estudios actualizado junto con una copia del último recibo de sueldo del titular.</p>
</div>
</div>



<hr class="wp-block-separator has-alpha-channel-opacity"/>



<div class="wp-block-columns is-layout-flex wp-container-core-columns-is-layout-28f84493 wp-block-columns-is-layout-flex">
<div class="wp-block-column is-layout-flow wp-block-column-is-layout-flow" style="flex-basis:33.33%">
<h2 class="wp-block-heading has-text-align-right has-vivid-cyan-blue-color has-text-color">CÓNYUGUE</h2>
</div>



<div class="wp-block-column is-layout-flow wp-block-column-is-layout-flow" style="flex-basis:66.66%">
<p><strong>Definición:</strong> Persona que contrajo matrimonio legalmente con un beneficiario/a titular</p>



<p class="has-vivid-cyan-blue-color has-text-color"><strong>Documentación a Presentar (2 copias de todo): </strong></p>



<ul class="wp-block-list">
<li>DNI (frente y dorso) del familiar a incorporar</li>



<li>Certificado de matrimonio</li>



<li>CUIL del familiares a incorporar.</li>



<li>Certificación negativa de ANSES (se retira en ANSES o por internet)</li>
</ul>



<p><strong>NOTA ACLARATORIA:</strong> En caso que se desee incorporar cónyugue después de haber tramitado la afiliación a la Obra Social, se deberá volver a presentar la documentación para el titular, salvo el alta temprana, junto a la planilla de registro de beneficiario.</p>
</div>
</div>



<hr class="wp-block-separator has-alpha-channel-opacity"/>



<div class="wp-block-columns is-layout-flex wp-container-core-columns-is-layout-28f84493 wp-block-columns-is-layout-flex">
<div class="wp-block-column is-layout-flow wp-block-column-is-layout-flow" style="flex-basis:33.33%">
<h2 class="wp-block-heading has-text-align-right has-vivid-cyan-blue-color has-text-color">CONCUBINO/A</h2>
</div>



<div class="wp-block-column is-layout-flow wp-block-column-is-layout-flow" style="flex-basis:66.66%">
<p><strong>Definición:</strong> Persona que convive en aparente matrimonio con el/la beneficiario/a titular y que acreditan una antigüedad no menor a cinco años en dicha convivencia o que poseen con el beneficiario/a titular hijos en común.</p>



<p class="has-vivid-cyan-blue-color has-text-color"><strong>Documentación a Presentar (2 copias de todo): </strong></p>



<p><strong>Titular</strong></p>



<ul class="wp-block-list">
<li>Planilla de registro de beneficiario</li>



<li>Último recibo de sueldo</li>



<li>DNI (frente y dorso)</li>



<li>Constancia de CUIL</li>
</ul>



<p><strong>Concubino/a</strong></p>



<ul class="wp-block-list">
<li>Certificado de convivencia
<ul class="wp-block-list">
<li>se tramita en el registro de las personas, o en tribunales</li>
</ul>
</li>



<li>DNI (frente y dorso)</li>



<li>Constancia de CUIL</li>



<li>Certificado de nacimiento de hijos en común donde conste el DNI</li>



<li>Certificación negativa de ANSES</li>
</ul>
</div>
</div>

<p>Podés completar el formulario de afiliación ingresando al siguiente enlace &#8211; Requisitos &#8211; Podés descargar&#8230;</p>
